16 + 16. Let m = 26 - o. Suppose 12 = 4*n - l, 0*l = -3*n - 4*l - m. What is the highest common divisor of n and 14?
2
Let t(p) = 2*p. Let v be (-2)/(-4)*(10 - 0). Let n be t(v). Suppose g = 3*q - 25, 3 = 3*q + 3*g - 42. What is the greatest common factor of q and n?
10
Let a(j) = -j**3 - 9*j**2 - 5*j + 3. Let y be a(-9). Calculate the greatest common divisor of y and 6.
6
Suppose -z - 15 = 4*z. Let s be (-3)/(z + 0) - -4. What is the greatest common divisor of s and 10?
5
Let q be (-10)/40 + (-18)/(-8). What is the highest common factor of 4 and q?
2
Suppose 8*d + 3*y - 36 = 3*d, -30 = -5*d - 5*y. What is the greatest common divisor of d and 18?
9
Suppose 0*v + v = 18. Let r(t) = t**3 - t**2 + 3*t - 1. Let n be 4/5*(-20)/(-8). Let c be r(n). Calculate the greatest common factor of c and v.
9
Let t be 1/4 + 5/20*19. Calculate the highest common divisor of t and 5.
5
Suppose 5*r - 180 = -30. What is the highest common factor of 12 and r?
6
Suppose -8*f = -4*f - 28. Suppose 0 = 4*w - 4*q + 396, -3*w + 67 = -5*q + 374. Let z be w/(-14) + 2/f. Calculate the greatest common factor of z and 28.
7
Suppose 2*n = -2*n + 44. What is the greatest common factor of 77 and n?
11
Let h(u) = -u**3 + 4*u**2 + 8*u - 4. Let v be h(4). What is the greatest common factor of v and 7?
7
Let f = 4 - -38. Let v(q) = 8*q - 1. Let h be v(1). What is the highest common factor of f and h?
7
Let b be 4 - -1*3/(-3). Let y(j) = 2*j**2 + 9*j + 3. Let s be y(-6). Calculate the highest common factor of s and b.
3
Suppose -k + 5*k = 8. Suppose k*u + d - 9 = 0, -d + 15 = -3*u + 41. What is the greatest common divisor of u and 1?
1
Suppose 4*a = 3*f + 217, -100 = -3*a + 3*f + 62. Calculate the greatest common factor of a and 5.
5
Suppose 0 = a - 2*a + 44. Let o = 451 + -440. Calculate the greatest common divisor of a and o.
11
Suppose -4*i = -5*k - 0*k - 317, 0 = -5*i - 4*k + 386. Calculate the greatest common divisor of i and 26.
26
Let s = -1 - -10. Let g(q) = 99*q**2 + q + 1. Let f be g(-1). What is the highest common factor of f and s?
9
Let p(f) = f**3 + 6*f**2 + 5*f + 4. Let z(y) = -2*y - 13. Let v be z(-4). Let u be p(v). Calculate the highest common factor of 12 and u.
4
Let n = 7 - 7. Suppose m - 2*m + 28 = n. What is the greatest common divisor of m and 70?
14
Suppose 5*m - 39 = 26. Calculate the greatest common divisor of 39 and m.
13
Let z = 9 + 4. What is the highest common divisor of z and 143?
13
Let t be (7 + -1)*5/(-15). Let i be (7/(-14))/(t/24). Calculate the greatest common factor of 2 and i.
2
Let h(b) = b**3 + 5*b**2 - 6*b + 6. Let r be h(-5). Calculate the highest common factor of 9 and r.
9
Let p be (-42)/4 + 6/(-4). Let a(t) = -t - 20. Let s be a(p). Let k(b) = -b**2 - 11*b + 6. Let q be k(s). Calculate the highest common divisor of q and 10.
10
Suppose -4*r - p - 172 = p, 2*r - 5*p = -62. Let d = r + 73. Calculate the greatest common divisor of d and 4.
4
Let a be 0/(-2) + 0 + 0. Let w(c) = -c + 8. Let s be w(a). Calculate the greatest common factor of s and 64.
8
Suppose -2*w + 3*i + 86 = i, i - 33 = -w. Let f = w + -17. What is the greatest common divisor of 63 and f?
21
Let g = 1 - -11. Suppose -14 + 110 = 4*u. What is the greatest common factor of u and g?
12
Let i(l) = -l**2 - 5*l + 2. Let z be i(-5). Let h be (-15)/((-2)/(2*1)). Suppose 4*y = k + 47, y + 5*k - h = z*k. What is the highest common divisor of 6 and y?
6
Let p be (-192)/9*3/(-2). Suppose 0 = 5*b - b + p. Let j be 364/6 + b/12. What is the greatest common factor of j and 20?
20
Let d(b) = b + 1. Let a be d(1). Calculate the highest common divisor of a and 3.
1
Suppose 3*y + 69 = 4*z, -2*z - 2*y - 3*y + 41 = 0. Let s(m) = 14*m - 1. Let w = -7 - -9. Let a be s(w). What is the greatest common factor of a and z?
9
Let h = -91 - -121. What is the highest common factor of h and 240?
30
Let v(o) = o**3 - 8*o**2 + 10*o - 9. Let h be v(7). Suppose r + 0*r - h = 0. What is the highest common factor of 12 and r?
12
Suppose -g - 3*r + 75 = -0*r, 5*g - 3*r = 429. Suppose -8*v + g = -2*v. Calculate the greatest common divisor of 21 and v.
7
Let b(s) = -5*s + 0 - 2*s + 1 + 0*s. Let h be b(-1). Calculate the highest common factor of h and 56.
8
Suppose -t = 4*t - 75. Suppose -5*f - z + 6 = -51, f - t = -2*z. Let d = -2 + f. What is the greatest common factor of d and 9?
9
Suppose -3*k = 3*a - 180, 2*a = -3*k + 82 + 35. Calculate the highest common divisor of a and 9.
9
Suppose 2 = w - 1. Let u be (-6)/10 - (-3)/5. Suppose u = 7*a - 2*a + 15, -p + 18 = a. What is the greatest common divisor of w and p?
3
Suppose 12*m = 224 - 32. Calculate the greatest common factor of 112 and m.
16
Let s(j) = 2*j**3 + 7 - 3*j**3 + 9*j - 6*j**2 + j. Let h be s(-8). Calculate the highest common divisor of 22 and h.
11
Let z = 1 - -3. Let s be z/((-4)/3) - -21. What is the greatest common factor of s and 90?
18
Let a = 1 + 1. Let c = -2 - -7. What is the greatest common factor of c and a?
1
Suppose 1 = -l + 65. Suppose -l = -s + 5*s. Let x be (-1 + -1 + 1)*s. What is the greatest common factor of x and 112?
16
Let b be 2 + -4 + (1 - -58). What is the highest common divisor of 19 and b?
19
Let d = 16 + -30. Let i = 6 - d. Let n = -2 + i. Calculate the greatest common divisor of 9 and n.
9
Let s = -71 - -107. Let h(r) = r + 9. Let l be h(0). Calculate the highest common divisor of l and s.
9
Let g = 25 + -14. Let f = 18 - g. Let s be (-229)/(-3) + (-4)/(-6). Calculate the highest common divisor of f and s.
7
Suppose 3*c - p - 171 = 2*p, 3*p - 141 = -3*c. What is the greatest common divisor of c and 130?
26
Suppose -1976 = 111*q - 119*q. Calculate the greatest common factor of 19 and q.
19
Let x be (360/(-50))/(4/(-50)). What is the greatest common factor of 18 and x?
18
Suppose -4*l - 2 = -18. Suppose 2*i + 2*i = y + 7, -l*y - i = 96. Let g = y + 43. Calculate the highest common factor of g and 5.
5
Let r be (-1 + (-14)/(-8))*(-84)/(-9). Calculate the highest common factor of r and 3.
1
Suppose -f = d + d - 9, 18 = 2*d - 2*f. Suppose 2*v - d = 38. Calculate the greatest common factor of 2 and v.
2
Let j = -137 - -57. Let i(x) = -x**2 - 4*x + 3. Let t be i(-4). Let q be (j/(-12))/(1/t). Calculate the highest common divisor of 100 and q.
20
Let v be (9/(-4))/3 - (-110)/8. What is the greatest common factor of v and 143?
13
Let x = 46 + -37. Calculate the greatest common divisor of 9 and x.
9
Let c(i) = -i**3 + 7*i**2 - 4*i - 10. Let h be c(5). Calculate the greatest common factor of h and 10.
10
Let b = 2 + 0. Suppose -b*y = -0*y - 160. What is the highest common divisor of 20 and y?
20
Let a(p) = -4*p**2 + p - 4. Let i be a(3). Let d = i - -132. Calculate the greatest common factor of d and 38.
19
Let l(s) = 14*s + 81. Let q be l(-5). Calculate the greatest common divisor of q and 88.
11
Let k = -5 + 7. Suppose -11 + 5 = -k*m. Calculate the highest common divisor of 3 and m.
3
Suppose -4*c + 0*c = 4*p - 292, -5*c - 2*p = -356. Calculate the greatest common divisor of c and 14.
14
Suppose 2*n - 24 = -0*n. Let t be 5/2*n/(-15). Let u be t/5 - (-488)/20. What is the greatest common divisor of 60 and u?
12
Let f(v) = -29*v - 22. Let t be f(9). Let b = t - -402. Calculate the greatest common factor of b and 17.
17
Suppose -2*m + 2 + 2 = 0. Suppose -5*h = 4*w - 907 + 248, 3*h - 413 = m*w. What is the greatest common factor of h and 15?
15
Suppose 4*h + 1 = 2*t - 29, -5*t - 45 = 5*h. Let w = 32 + h. Let m = 2 + 1. What is the highest common factor of m and w?
3
Let o = -29 + 37. Calculate the greatest common factor of o and 32.
8
Suppose -2*k + 5*v = -85, -3*k + 6*v + 131 = 2*v. Calculate the greatest common factor of k and 9.
9
Let t = -32 - -43. Calculate the greatest common divisor of t and 1.
1
Let x(g) = 17*g**2 - 8*g. Let u be x(4). What is the highest common divisor of 15 and u?
15
Let k be (81/18)/((-2)/4). Let t be 2 - (k + 2/1). Calculate the greatest common factor of 72 and t.
9
Suppose 8 = y + y. Let f = 114 - y. Let d be (-3)/(0 + (-6)/20). What is the highest common factor of f and d?
10
Let o = -64 - -112. Suppose 0 = -h - 3, 4*r - h + 0*h - 27 = 0. Calculate the highest common factor of o and r.
6
Let y = 9 - 4. Suppose 0*u - 4*u + 5*m = -55, -26 = -2*u + 2*m. What is the highest common divisor of u and y?
5
Supp